{"id":6777,"date":"2025-10-29T20:29:47","date_gmt":"2025-10-29T20:29:47","guid":{"rendered":"https:\/\/bomberosambato.gob.ec\/wordpress_F\/?page_id=6777"},"modified":"2026-01-17T21:33:59","modified_gmt":"2026-01-17T21:33:59","slug":"6777-2","status":"publish","type":"page","link":"https:\/\/bomberosambato.gob.ec\/wordpress_F\/6777-2\/","title":{"rendered":"IX Curso Bombero 1\/Param\u00e9dico"},"content":{"rendered":"\n[et_pb_section fb_built=&#8221;1&#8243; _builder_version=&#8221;4.22.2&#8243; _module_preset=&#8221;default&#8221; global_colors_info=&#8221;{}&#8221;][et_pb_row _builder_version=&#8221;4.22.2&#8243; _module_preset=&#8221;default&#8221; global_colors_info=&#8221;{}&#8221;][et_pb_column type=&#8221;4_4&#8243; _builder_version=&#8221;4.22.2&#8243; _module_preset=&#8221;default&#8221; global_colors_info=&#8221;{}&#8221;][et_pb_heading title=&#8221;Convocatoria al IX Curso de Formaci\u00f3n de Bomberos de L\u00ednea Bombero 1\/Param\u00e9dico&#8221; _builder_version=&#8221;4.22.2&#8243; _module_preset=&#8221;default&#8221; title_text_align=&#8221;center&#8221; global_colors_info=&#8221;{}&#8221;][\/et_pb_heading][\/et_pb_column][\/et_pb_row][et_pb_row _builder_version=&#8221;4.22.2&#8243; _module_preset=&#8221;default&#8221; global_colors_info=&#8221;{}&#8221;][et_pb_column type=&#8221;4_4&#8243; _builder_version=&#8221;4.22.2&#8243; _module_preset=&#8221;default&#8221; global_colors_info=&#8221;{}&#8221;][et_pb_image src=&#8221;https:\/\/bomberosambato.gob.ec\/wordpress_F\/wp-content\/uploads\/2024\/05\/cbalogo3.png&#8221; title_text=&#8221;cbalogo3&#8243; align=&#8221;center&#8221; _builder_version=&#8221;4.22.2&#8243; _module_preset=&#8221;default&#8221; global_colors_info=&#8221;{}&#8221;][\/et_pb_image][\/et_pb_column][\/et_pb_row][et_pb_row column_structure=&#8221;1_2,1_2&#8243; _builder_version=&#8221;4.22.2&#8243; _module_preset=&#8221;default&#8221; global_colors_info=&#8221;{}&#8221;][et_pb_column type=&#8221;1_2&#8243; _builder_version=&#8221;4.22.2&#8243; _module_preset=&#8221;default&#8221; global_colors_info=&#8221;{}&#8221;][et_pb_icon font_icon=&#8221;&#xe048;||divi||400&#8243; url=&#8221;https:\/\/bomberosambato.gob.ec\/wordpress_F\/wp-content\/uploads\/2025\/10\/BasesDelConcurso-2025.pdf&#8221; _builder_version=&#8221;4.22.2&#8243; _module_preset=&#8221;default&#8221; global_colors_info=&#8221;{}&#8221;][\/et_pb_icon][et_pb_text _builder_version=&#8221;4.22.2&#8243; _module_preset=&#8221;default&#8221; global_colors_info=&#8221;{}&#8221;]<p style=\"text-align: center;\">Bases del concurso<\/p>\n[\/et_pb_text][\/et_pb_column][et_pb_column type=&#8221;1_2&#8243; _builder_version=&#8221;4.22.2&#8243; _module_preset=&#8221;default&#8221; global_colors_info=&#8221;{}&#8221;][et_pb_icon font_icon=&#8221;&#xe048;||divi||400&#8243; url=&#8221;https:\/\/bomberosambato.gob.ec\/wordpress_F\/wp-content\/uploads\/2025\/10\/PROSPECTO-2025.pdf&#8221; _builder_version=&#8221;4.22.2&#8243; _module_preset=&#8221;default&#8221; global_colors_info=&#8221;{}&#8221;][\/et_pb_icon][et_pb_text _builder_version=&#8221;4.22.2&#8243; _module_preset=&#8221;default&#8221; global_colors_info=&#8221;{}&#8221;]<p style=\"text-align: center;\">Prospecto<\/p>\n[\/et_pb_text][\/et_pb_column][\/et_pb_row][et_pb_row column_structure=&#8221;1_2,1_2&#8243; _builder_version=&#8221;4.22.2&#8243; _module_preset=&#8221;default&#8221; global_colors_info=&#8221;{}&#8221;][et_pb_column type=&#8221;1_2&#8243; _builder_version=&#8221;4.22.2&#8243; _module_preset=&#8221;default&#8221; global_colors_info=&#8221;{}&#8221;][et_pb_icon font_icon=&#8221;&#xe048;||divi||400&#8243; url=&#8221;https:\/\/bomberosambato.gob.ec\/wordpress_F\/wp-content\/uploads\/2025\/10\/convocatoria-bombero-1-paramEdico.pdf&#8221; _builder_version=&#8221;4.22.2&#8243; _module_preset=&#8221;default&#8221; global_colors_info=&#8221;{}&#8221;][\/et_pb_icon][et_pb_text _builder_version=&#8221;4.22.2&#8243; _module_preset=&#8221;default&#8221; global_colors_info=&#8221;{}&#8221;]<p style=\"text-align: center;\">Convocatoria<\/p>\n[\/et_pb_text][\/et_pb_column][et_pb_column type=&#8221;1_2&#8243; _builder_version=&#8221;4.22.2&#8243; _module_preset=&#8221;default&#8221; global_colors_info=&#8221;{}&#8221;][et_pb_icon font_icon=&#8221;&#xe048;||divi||400&#8243; url=&#8221;https:\/\/bomberosambato.gob.ec\/wordpress_F\/wp-content\/uploads\/2025\/10\/normas-generales-evaluacion-pruebas-fIsicas-cba-2025-signed-signed.pdf&#8221; _builder_version=&#8221;4.22.2&#8243; _module_preset=&#8221;default&#8221; global_colors_info=&#8221;{}&#8221;][\/et_pb_icon][et_pb_text _builder_version=&#8221;4.22.2&#8243; _module_preset=&#8221;default&#8221; global_colors_info=&#8221;{}&#8221;]<p style=\"text-align: center;\">Normas Generales de Evaluaci\u00f3n<\/p>\n[\/et_pb_text][et_pb_icon font_icon=&#8221;&#xe048;||divi||400&#8243; url=&#8221;https:\/\/bomberosambato.gob.ec\/wordpress_F\/wp-content\/uploads\/2025\/12\/ANALISIS-VERIFICACION-Y-COMPROBACION-DE-DOCUMENTACION-PRESENTADA-signed.pdf&#8221; _builder_version=&#8221;4.22.2&#8243; _module_preset=&#8221;default&#8221; global_colors_info=&#8221;{}&#8221;][\/et_pb_icon][et_pb_text _builder_version=&#8221;4.22.2&#8243; _module_preset=&#8221;default&#8221; global_colors_info=&#8221;{}&#8221;]<p style=\"text-align: center;\">Acta de verificacion<\/p>\n[\/et_pb_text][et_pb_icon font_icon=&#8221;&#xe048;||divi||400&#8243; url=&#8221;https:\/\/bomberosambato.gob.ec\/wordpress_F\/wp-content\/uploads\/2025\/12\/Resultado-CBA-signed-1.pdf&#8221; _builder_version=&#8221;4.22.2&#8243; _module_preset=&#8221;default&#8221; global_colors_info=&#8221;{}&#8221;][\/et_pb_icon][et_pb_text _builder_version=&#8221;4.22.2&#8243; _module_preset=&#8221;default&#8221; global_colors_info=&#8221;{}&#8221;]<p style=\"text-align: center;\">Resultados de la Etapa de Aplicaci\u00f3n y Evaluaci\u00f3n de Pruebas de Confianza<\/p>\n[\/et_pb_text][et_pb_icon font_icon=&#8221;&#xe048;||divi||400&#8243; url=&#8221;https:\/\/bomberosambato.gob.ec\/wordpress_F\/wp-content\/uploads\/2025\/12\/CRONOGRAMA-APLICACION-Y-EVALUACION-PRUEBAS-ACADEMICAS.pdf&#8221; _builder_version=&#8221;4.22.2&#8243; _module_preset=&#8221;default&#8221; global_colors_info=&#8221;{}&#8221;][\/et_pb_icon][et_pb_text _builder_version=&#8221;4.22.2&#8243; _module_preset=&#8221;default&#8221; global_colors_info=&#8221;{}&#8221;]<p style=\"text-align: center;\">Cronograma aplicaci\u00f3n y evaluaci\u00f3n pruebas acad\u00e9micas<\/p>\n[\/et_pb_text][et_pb_icon font_icon=&#8221;&#xe048;||divi||400&#8243; url=&#8221;https:\/\/bomberosambato.gob.ec\/wordpress_F\/wp-content\/uploads\/2025\/12\/RESULTADOS-PRUEBAS-ACADEMICAS.pdf&#8221; _builder_version=&#8221;4.22.2&#8243; _module_preset=&#8221;default&#8221; global_colors_info=&#8221;{}&#8221;][\/et_pb_icon][et_pb_text _builder_version=&#8221;4.22.2&#8243; _module_preset=&#8221;default&#8221; global_colors_info=&#8221;{}&#8221;]<p style=\"text-align: center;\">Resultados de pruebas acad\u00e9micas<\/p>\n[\/et_pb_text][et_pb_icon font_icon=&#8221;&#xe048;||divi||400&#8243; url=&#8221;https:\/\/bomberosambato.gob.ec\/wordpress_F\/wp-content\/uploads\/2025\/12\/RESULTADOS-PRUEBAS-ACADEMICAS-Y-APELACIONES.pdf&#8221; _builder_version=&#8221;4.22.2&#8243; _module_preset=&#8221;default&#8221; global_colors_info=&#8221;{}&#8221;][\/et_pb_icon][et_pb_text _builder_version=&#8221;4.22.2&#8243; _module_preset=&#8221;default&#8221; global_colors_info=&#8221;{}&#8221;]<p style=\"text-align: center;\">Resultados de pruebas ac\u00e1demicas y apelaciones<\/p>\n[\/et_pb_text][et_pb_icon font_icon=&#8221;&#xe048;||divi||400&#8243; url=&#8221;https:\/\/bomberosambato.gob.ec\/wordpress_F\/wp-content\/uploads\/2025\/12\/ACTA-RESOLUTIVA-DE-APELACIONES-A-PRUEBAS-DE-CONOCIMIENTOS-TECNICOS.pdf&#8221; _builder_version=&#8221;4.22.2&#8243; _module_preset=&#8221;default&#8221; global_colors_info=&#8221;{}&#8221;][\/et_pb_icon][et_pb_text _builder_version=&#8221;4.22.2&#8243; _module_preset=&#8221;default&#8221; global_colors_info=&#8221;{}&#8221;]<p style=\"text-align: center;\">Acta resolutiva de apelaciones a pruebas de conocimientos t\u00e9cnicos<\/p>\n[\/et_pb_text][et_pb_icon font_icon=&#8221;&#xe048;||divi||400&#8243; url=&#8221;https:\/\/bomberosambato.gob.ec\/wordpress_F\/wp-content\/uploads\/2025\/12\/CRONOGRAMA-APLICACION-Y-EVALUACION-DE-TEST-PSICOMETRICOS.pdf&#8221; _builder_version=&#8221;4.22.2&#8243; _module_preset=&#8221;default&#8221; global_colors_info=&#8221;{}&#8221;][\/et_pb_icon][et_pb_text _builder_version=&#8221;4.22.2&#8243; _module_preset=&#8221;default&#8221; global_colors_info=&#8221;{}&#8221;]<p style=\"text-align: center;\">Cronograma aplicaci\u00f3n y evaluaci\u00f3n de test psicom\u00e9tricos<\/p>\n[\/et_pb_text][et_pb_icon font_icon=&#8221;&#xe048;||divi||400&#8243; url=&#8221;https:\/\/bomberosambato.gob.ec\/wordpress_F\/wp-content\/uploads\/2025\/12\/RESULTADOS-APLICACION-Y-EVALUACION-DE-TEST-PSICOMETRICOS.pdf&#8221; _builder_version=&#8221;4.22.2&#8243; _module_preset=&#8221;default&#8221; global_colors_info=&#8221;{}&#8221;][\/et_pb_icon][et_pb_text _builder_version=&#8221;4.22.2&#8243; _module_preset=&#8221;default&#8221; global_colors_info=&#8221;{}&#8221;]<p style=\"text-align: center;\">Resultados aplicaci\u00f3n y evaluaci\u00f3n de test psicom\u00e9tricos<\/p>\n[\/et_pb_text][et_pb_icon font_icon=&#8221;&#xe048;||divi||400&#8243; url=&#8221;https:\/\/bomberosambato.gob.ec\/wordpress_F\/wp-content\/uploads\/2025\/12\/RESULTADOS-APLICACION-Y-EVALUACION-MEDICA-Y-DENTAL.pdf&#8221; _builder_version=&#8221;4.22.2&#8243; _module_preset=&#8221;default&#8221; global_colors_info=&#8221;{}&#8221;][\/et_pb_icon][et_pb_text _builder_version=&#8221;4.22.2&#8243; _module_preset=&#8221;default&#8221; global_colors_info=&#8221;{}&#8221;]<p style=\"text-align: center;\">Resultados aplicaci\u00f3n y evaluaci\u00f3n m\u00e9dica y dental<\/p>\n[\/et_pb_text][et_pb_icon font_icon=&#8221;&#xe048;||divi||400&#8243; url=&#8221;https:\/\/bomberosambato.gob.ec\/wordpress_F\/wp-content\/uploads\/2026\/01\/RESULTADOS-PRUEBAS-FISICAS.pdf&#8221; _builder_version=&#8221;4.22.2&#8243; _module_preset=&#8221;default&#8221; global_colors_info=&#8221;{}&#8221;][\/et_pb_icon][et_pb_text _builder_version=&#8221;4.22.2&#8243; _module_preset=&#8221;default&#8221; global_colors_info=&#8221;{}&#8221;]<p style=\"text-align: center;\">Resultados de pruebas fisicas<\/p>\n[\/et_pb_text][et_pb_icon font_icon=&#8221;&#xe048;||divi||400&#8243; url=&#8221;https:\/\/bomberosambato.gob.ec\/wordpress_F\/wp-content\/uploads\/2026\/01\/PUBLICACION-DE-RESULTADOS-ETAPA-ENTREVISTA-PERSONAL.pdf&#8221; _builder_version=&#8221;4.22.2&#8243; _module_preset=&#8221;default&#8221; hover_enabled=&#8221;0&#8243; global_colors_info=&#8221;{}&#8221; sticky_enabled=&#8221;0&#8243;][\/et_pb_icon][et_pb_text _builder_version=&#8221;4.22.2&#8243; _module_preset=&#8221;default&#8221; hover_enabled=&#8221;0&#8243; global_colors_info=&#8221;{}&#8221; sticky_enabled=&#8221;0&#8243;]<p style=\"text-align: center;\">Resultados de la etapa de entrevistas personales.<\/p>\n[\/et_pb_text][\/et_pb_column][\/et_pb_row][\/et_pb_section]\n","protected":false},"excerpt":{"rendered":"<p>Convocatoria al IX Curso de Formaci\u00f3n de Bomberos de&#8230;<\/p>\n","protected":false},"author":1,"featured_media":0,"parent":0,"menu_order":0,"comment_status":"closed","ping_status":"closed","template":"templates\/fullwidth.php","meta":{"_et_pb_use_builder":"on","_et_pb_old_content":"","_et_gb_content_width":"","footnotes":""},"class_list":["post-6777","page","type-page","status-publish","hentry"],"featured_image_src":null,"yoast_head":"<!-- This site is optimized with the Yoast SEO plugin v27.4 - https:\/\/yoast.com\/product\/yoast-seo-wordpress\/ -->\n<title>IX Curso Bombero 1\/Param\u00e9dico -<\/title>\n<meta name=\"robots\" content=\"index, follow, max-snippet:-1, max-image-preview:large, max-video-preview:-1\" \/>\n<link rel=\"canonical\" href=\"https:\/\/bomberosambato.gob.ec\/wordpress_F\/6777-2\/\" \/>\n<meta property=\"og:locale\" content=\"es_ES\" \/>\n<meta property=\"og:type\" content=\"article\" \/>\n<meta property=\"og:title\" content=\"IX Curso Bombero 1\/Param\u00e9dico -\" \/>\n<meta property=\"og:description\" content=\"Convocatoria al IX Curso de Formaci\u00f3n de Bomberos de...\" \/>\n<meta property=\"og:url\" content=\"https:\/\/bomberosambato.gob.ec\/wordpress_F\/6777-2\/\" \/>\n<meta property=\"article:publisher\" content=\"https:\/\/www.facebook.com\/CuerpodeBomberosdeAmbato\" \/>\n<meta property=\"article:modified_time\" content=\"2026-01-17T21:33:59+00:00\" \/>\n<meta name=\"twitter:card\" content=\"summary_large_image\" \/>\n<meta name=\"twitter:site\" content=\"@cbambato\" \/>\n<meta name=\"twitter:label1\" content=\"Tiempo de lectura\" \/>\n\t<meta name=\"twitter:data1\" content=\"1 minuto\" \/>\n<script type=\"application\/ld+json\" class=\"yoast-schema-graph\">{\"@context\":\"https:\\\/\\\/schema.org\",\"@graph\":[{\"@type\":\"WebPage\",\"@id\":\"https:\\\/\\\/bomberosambato.gob.ec\\\/wordpress_F\\\/6777-2\\\/\",\"url\":\"https:\\\/\\\/bomberosambato.gob.ec\\\/wordpress_F\\\/6777-2\\\/\",\"name\":\"IX Curso Bombero 1\\\/Param\u00e9dico -\",\"isPartOf\":{\"@id\":\"https:\\\/\\\/bomberosambato.gob.ec\\\/wordpress_F\\\/#website\"},\"datePublished\":\"2025-10-29T20:29:47+00:00\",\"dateModified\":\"2026-01-17T21:33:59+00:00\",\"breadcrumb\":{\"@id\":\"https:\\\/\\\/bomberosambato.gob.ec\\\/wordpress_F\\\/6777-2\\\/#breadcrumb\"},\"inLanguage\":\"es\",\"potentialAction\":[{\"@type\":\"ReadAction\",\"target\":[\"https:\\\/\\\/bomberosambato.gob.ec\\\/wordpress_F\\\/6777-2\\\/\"]}]},{\"@type\":\"BreadcrumbList\",\"@id\":\"https:\\\/\\\/bomberosambato.gob.ec\\\/wordpress_F\\\/6777-2\\\/#breadcrumb\",\"itemListElement\":[{\"@type\":\"ListItem\",\"position\":1,\"name\":\"Portada\",\"item\":\"https:\\\/\\\/bomberosambato.gob.ec\\\/wordpress_F\\\/\"},{\"@type\":\"ListItem\",\"position\":2,\"name\":\"IX Curso Bombero 1\\\/Param\u00e9dico\"}]},{\"@type\":\"WebSite\",\"@id\":\"https:\\\/\\\/bomberosambato.gob.ec\\\/wordpress_F\\\/#website\",\"url\":\"https:\\\/\\\/bomberosambato.gob.ec\\\/wordpress_F\\\/\",\"name\":\"Cuerpo de Bomberos de Ambato\",\"description\":\"\",\"publisher\":{\"@id\":\"https:\\\/\\\/bomberosambato.gob.ec\\\/wordpress_F\\\/#organization\"},\"alternateName\":\"Bomberos Ambato\",\"potentialAction\":[{\"@type\":\"SearchAction\",\"target\":{\"@type\":\"EntryPoint\",\"urlTemplate\":\"https:\\\/\\\/bomberosambato.gob.ec\\\/wordpress_F\\\/?s={search_term_string}\"},\"query-input\":{\"@type\":\"PropertyValueSpecification\",\"valueRequired\":true,\"valueName\":\"search_term_string\"}}],\"inLanguage\":\"es\"},{\"@type\":\"Organization\",\"@id\":\"https:\\\/\\\/bomberosambato.gob.ec\\\/wordpress_F\\\/#organization\",\"name\":\"Cuerpo de Bomberos de Ambato\",\"url\":\"https:\\\/\\\/bomberosambato.gob.ec\\\/wordpress_F\\\/\",\"logo\":{\"@type\":\"ImageObject\",\"inLanguage\":\"es\",\"@id\":\"https:\\\/\\\/bomberosambato.gob.ec\\\/wordpress_F\\\/#\\\/schema\\\/logo\\\/image\\\/\",\"url\":\"https:\\\/\\\/bomberosambato.gob.ec\\\/wordpress_F\\\/wp-content\\\/uploads\\\/2023\\\/12\\\/cropped-cropped-logo3-e1637858223275.png\",\"contentUrl\":\"https:\\\/\\\/bomberosambato.gob.ec\\\/wordpress_F\\\/wp-content\\\/uploads\\\/2023\\\/12\\\/cropped-cropped-logo3-e1637858223275.png\",\"width\":200,\"height\":90,\"caption\":\"Cuerpo de Bomberos de Ambato\"},\"image\":{\"@id\":\"https:\\\/\\\/bomberosambato.gob.ec\\\/wordpress_F\\\/#\\\/schema\\\/logo\\\/image\\\/\"},\"sameAs\":[\"https:\\\/\\\/www.facebook.com\\\/CuerpodeBomberosdeAmbato\",\"https:\\\/\\\/x.com\\\/cbambato\"]}]}<\/script>\n<!-- \/ Yoast SEO plugin. -->","yoast_head_json":{"title":"IX Curso Bombero 1\/Param\u00e9dico -","robots":{"index":"index","follow":"follow","max-snippet":"max-snippet:-1","max-image-preview":"max-image-preview:large","max-video-preview":"max-video-preview:-1"},"canonical":"https:\/\/bomberosambato.gob.ec\/wordpress_F\/6777-2\/","og_locale":"es_ES","og_type":"article","og_title":"IX Curso Bombero 1\/Param\u00e9dico -","og_description":"Convocatoria al IX Curso de Formaci\u00f3n de Bomberos de...","og_url":"https:\/\/bomberosambato.gob.ec\/wordpress_F\/6777-2\/","article_publisher":"https:\/\/www.facebook.com\/CuerpodeBomberosdeAmbato","article_modified_time":"2026-01-17T21:33:59+00:00","twitter_card":"summary_large_image","twitter_site":"@cbambato","twitter_misc":{"Tiempo de lectura":"1 minuto"},"schema":{"@context":"https:\/\/schema.org","@graph":[{"@type":"WebPage","@id":"https:\/\/bomberosambato.gob.ec\/wordpress_F\/6777-2\/","url":"https:\/\/bomberosambato.gob.ec\/wordpress_F\/6777-2\/","name":"IX Curso Bombero 1\/Param\u00e9dico -","isPartOf":{"@id":"https:\/\/bomberosambato.gob.ec\/wordpress_F\/#website"},"datePublished":"2025-10-29T20:29:47+00:00","dateModified":"2026-01-17T21:33:59+00:00","breadcrumb":{"@id":"https:\/\/bomberosambato.gob.ec\/wordpress_F\/6777-2\/#breadcrumb"},"inLanguage":"es","potentialAction":[{"@type":"ReadAction","target":["https:\/\/bomberosambato.gob.ec\/wordpress_F\/6777-2\/"]}]},{"@type":"BreadcrumbList","@id":"https:\/\/bomberosambato.gob.ec\/wordpress_F\/6777-2\/#breadcrumb","itemListElement":[{"@type":"ListItem","position":1,"name":"Portada","item":"https:\/\/bomberosambato.gob.ec\/wordpress_F\/"},{"@type":"ListItem","position":2,"name":"IX Curso Bombero 1\/Param\u00e9dico"}]},{"@type":"WebSite","@id":"https:\/\/bomberosambato.gob.ec\/wordpress_F\/#website","url":"https:\/\/bomberosambato.gob.ec\/wordpress_F\/","name":"Cuerpo de Bomberos de Ambato","description":"","publisher":{"@id":"https:\/\/bomberosambato.gob.ec\/wordpress_F\/#organization"},"alternateName":"Bomberos Ambato","potentialAction":[{"@type":"SearchAction","target":{"@type":"EntryPoint","urlTemplate":"https:\/\/bomberosambato.gob.ec\/wordpress_F\/?s={search_term_string}"},"query-input":{"@type":"PropertyValueSpecification","valueRequired":true,"valueName":"search_term_string"}}],"inLanguage":"es"},{"@type":"Organization","@id":"https:\/\/bomberosambato.gob.ec\/wordpress_F\/#organization","name":"Cuerpo de Bomberos de Ambato","url":"https:\/\/bomberosambato.gob.ec\/wordpress_F\/","logo":{"@type":"ImageObject","inLanguage":"es","@id":"https:\/\/bomberosambato.gob.ec\/wordpress_F\/#\/schema\/logo\/image\/","url":"https:\/\/bomberosambato.gob.ec\/wordpress_F\/wp-content\/uploads\/2023\/12\/cropped-cropped-logo3-e1637858223275.png","contentUrl":"https:\/\/bomberosambato.gob.ec\/wordpress_F\/wp-content\/uploads\/2023\/12\/cropped-cropped-logo3-e1637858223275.png","width":200,"height":90,"caption":"Cuerpo de Bomberos de Ambato"},"image":{"@id":"https:\/\/bomberosambato.gob.ec\/wordpress_F\/#\/schema\/logo\/image\/"},"sameAs":["https:\/\/www.facebook.com\/CuerpodeBomberosdeAmbato","https:\/\/x.com\/cbambato"]}]}},"_links":{"self":[{"href":"https:\/\/bomberosambato.gob.ec\/wordpress_F\/wp-json\/wp\/v2\/pages\/6777","targetHints":{"allow":["GET"]}}],"collection":[{"href":"https:\/\/bomberosambato.gob.ec\/wordpress_F\/wp-json\/wp\/v2\/pages"}],"about":[{"href":"https:\/\/bomberosambato.gob.ec\/wordpress_F\/wp-json\/wp\/v2\/types\/page"}],"author":[{"embeddable":true,"href":"https:\/\/bomberosambato.gob.ec\/wordpress_F\/wp-json\/wp\/v2\/users\/1"}],"replies":[{"embeddable":true,"href":"https:\/\/bomberosambato.gob.ec\/wordpress_F\/wp-json\/wp\/v2\/comments?post=6777"}],"version-history":[{"count":20,"href":"https:\/\/bomberosambato.gob.ec\/wordpress_F\/wp-json\/wp\/v2\/pages\/6777\/revisions"}],"predecessor-version":[{"id":7359,"href":"https:\/\/bomberosambato.gob.ec\/wordpress_F\/wp-json\/wp\/v2\/pages\/6777\/revisions\/7359"}],"wp:attachment":[{"href":"https:\/\/bomberosambato.gob.ec\/wordpress_F\/wp-json\/wp\/v2\/media?parent=6777"}],"curies":[{"name":"wp","href":"https:\/\/api.w.org\/{rel}","templated":true}]}}